{"id":35902,"date":"2015-05-20T06:13:16","date_gmt":"2015-05-20T06:13:16","guid":{"rendered":"http:\/\/mrzeven.de\/?page_id=35902"},"modified":"2016-01-15T07:36:46","modified_gmt":"2016-01-15T07:36:46","slug":"eindruecke","status":"publish","type":"page","link":"https:\/\/mrzeven.de\/?page_id=35902","title":{"rendered":"Eindr\u00fccke"},"content":{"rendered":"<p>[vc_row][vc_column][vc_row_inner][vc_column_inner]<div id=\"ultimate-heading-802269f31a44e5b43\" class=\"uvc-heading ult-adjust-bottom-margin ultimate-heading-802269f31a44e5b43 uvc-4936 \" data-hspacer=\"no_spacer\"  data-halign=\"left\" style=\"text-align:left\"><div class=\"uvc-heading-spacer no_spacer\" style=\"top\"><\/div><div class=\"uvc-main-heading ult-responsive\"  data-ultimate-target='.uvc-heading.ultimate-heading-802269f31a44e5b43 h2'  data-responsive-json-new='{\"font-size\":\"\",\"line-height\":\"\"}' ><h2 style=\"font-weight:normal;\">Eindr\u00fccke<\/h2><\/div><\/div>[\/vc_column_inner][\/vc_row_inner][vc_empty_space][vc_column_text]<span style=\"color: #5b5b5b;\">Landwirtschaft ist eine Herausforderung. Welche Herausforderungen ein ganzes Jahr \u00fcber bew\u00e4ltigt werden m\u00fcssen und warum es trotzdem der sch\u00f6nste Beruf der Welt ist, erkl\u00e4rt unser Mitglied\u00a0Bernd K\u00fcck\u00a0in einer anschaulichen und spannenden 12-teiligen Dokumentation.<\/span><\/p>\n<p><span style=\"color: #5b5b5b;\">Viel Spa\u00df bei der ersten Folge &#8222;Milch und mehr- ein Landwirt und seine K\u00fche&#8220; produziert von Mawi Media.<\/span>[\/vc_column_text][vc_empty_space height=&#8220;90px&#8220;]<div class=\"shortcode-single-image-wrap alignnone shortcode-single-video \" style=\"margin-top:0px; margin-bottom:0px; margin-left:0px; margin-right:0px; width:800px;\"><div class=\"shortcode-single-image\"><div class=\"fancy-media-wrap\" style=\"\"><iframe width=\"800\" height=\"450\" src=\"https:\/\/www.youtube.com\/embed\/7UDc4FHIvcU?feature=oembed\" frameborder=\"0\" allowfullscreen><\/iframe><\/div><\/div><\/div>[\/vc_column][\/vc_row][vc_row][vc_column][vc_empty_space height=&#8220;80px&#8220;][\/vc_column][\/vc_row][vc_row][vc_column][\/vc_column][\/vc_row]<\/p>\n","protected":false},"excerpt":{"rendered":"<p>[vc_row][vc_column][vc_row_inner][vc_column_inner][\/vc_column_inner][\/vc_row_inner][vc_empty_space][vc_column_text]Landwirtschaft ist eine Herausforderung. Welche Herausforderungen ein ganzes Jahr \u00fcber bew\u00e4ltigt werden m\u00fcssen und warum es trotzdem der sch\u00f6nste Beruf der Welt ist, erkl\u00e4rt unser Mitglied\u00a0Bernd K\u00fcck\u00a0in einer anschaulichen und spannenden 12-teiligen Dokumentation. Viel Spa\u00df bei der ersten Folge &#8222;Milch und mehr- ein Landwirt und seine K\u00fche&#8220; produziert von Mawi Media.[\/vc_column_text][vc_empty_space height=&#8220;90px&#8220;][\/vc_column][\/vc_row][vc_row][vc_column][vc_empty_space height=&#8220;80px&#8220;][\/vc_column][\/vc_row][vc_row][vc_column][\/vc_column][\/vc_row]<\/p>\n","protected":false},"author":1,"featured_media":0,"parent":0,"menu_order":0,"comment_status":"closed","ping_status":"closed","template":"","meta":[],"class_list":["post-35902","page","type-page","status-publish","hentry","description-off"],"_links":{"self":[{"href":"https:\/\/mrzeven.de\/index.php?rest_route=\/wp\/v2\/pages\/35902","targetHints":{"allow":["GET"]}}],"collection":[{"href":"https:\/\/mrzeven.de\/index.php?rest_route=\/wp\/v2\/pages"}],"about":[{"href":"https:\/\/mrzeven.de\/index.php?rest_route=\/wp\/v2\/types\/page"}],"author":[{"embeddable":true,"href":"https:\/\/mrzeven.de\/index.php?rest_route=\/wp\/v2\/users\/1"}],"replies":[{"embeddable":true,"href":"https:\/\/mrzeven.de\/index.php?rest_route=%2Fwp%2Fv2%2Fcomments&post=35902"}],"version-history":[{"count":6,"href":"https:\/\/mrzeven.de\/index.php?rest_route=\/wp\/v2\/pages\/35902\/revisions"}],"predecessor-version":[{"id":36014,"href":"https:\/\/mrzeven.de\/index.php?rest_route=\/wp\/v2\/pages\/35902\/revisions\/36014"}],"wp:attachment":[{"href":"https:\/\/mrzeven.de\/index.php?rest_route=%2Fwp%2Fv2%2Fmedia&parent=35902"}],"curies":[{"name":"wp","href":"https:\/\/api.w.org\/{rel}","templated":true}]}}